 is the highest common factor of t and h?
3
Let u = 206 + -80. Let f be (-1 + 6 + -6)/((-1)/94). Suppose 2*n = -4*b + 70, 0 = -6*b + b + 4*n + f. Calculate the highest common divisor of b and u.
18
Let b(x) = 2*x**3 + 16*x**2 - 22*x - 30. Let f be b(-9). Let y be 12/(-18) + ((-220)/f)/(-1). What is the greatest common factor of y and 114?
6
Let u be (-1 + -1 + 12)*(18 + -12). Let d = 74 + -61. Let k = 43 - d. What is the highest common divisor of u and k?
30
Let j be (-5 + 2)*80/(-1320) + (-23756)/(-22). What is the highest common factor of j and 162?
54
Let o(h) = -39*h - 6. Let x(s) = -196*s - 34. Let a(j) = 11*o(j) - 2*x(j). Let y be a(0). What is the greatest common divisor of 13 and y?
1
Suppose -5*i = -4*f - 3*i + 438, -4*i = -f + 120. Let a = f + -85. What is the greatest common divisor of 69 and a?
23
Suppose -l + 36 = 3*a - 207, 1 = a. Let s = -7 - 17. Let f = 6 - s. What is the greatest common factor of f and l?
30
Let z be 2*3/30 + (-970)/(-25). Let l be (-26)/z - (-28)/6. What is the greatest common factor of 284 and l?
4
Suppose -32*n + 201 + 215 = 0. Let q(i) be the third derivative of -i**5/60 + 17*i**4/24 - 3*i**2. Let t be q(n). What is the greatest common factor of t and 4?
4
Suppose 6*n + 5*p = 5*n - 92, 2*p - 460 = 5*n. Let t = n + 137. Suppose -27 = -v + 3*u, 2*v - 14 + 0 = -4*u. Calculate the greatest common factor of t and v.
15
Let u = 1004 + -988. Suppose 4*s - 4*p - 1852 = 0, -3*s + 1394 = -0*s + 2*p. Calculate the highest common divisor of u and s.
16
Let p(w) = 2*w**2 + 4*w - 7. Let g be p(-5). Let i be (-2252)/(-12) - 20/(-15). Let r = i - 74. What is the highest common factor of g and r?
23
Let i(m) = -m + 41. Let v be i(19). Let p be 615/195 + v/26 + -1. Suppose -6*b + 5*x + 35 = -b, -3*x - p = 0. Calculate the greatest common factor of 12 and b.
6
Let d(f) = -3*f**2 + 109*f + 3. Let m be d(36). Suppose 4*y = 2*l + 894, 4*l - 912 = m*y - 43*y. What is the highest common divisor of 25 and y?
25
Let m be (-5*(-6246)/(-225))/(12/(-10))*3. What is the highest common factor of m and 3?
1
Suppose -181 + 2020 = g - 3*a, 3693 = 2*g - a. Let u be g/(-55) + (-2)/5. Let z = u + 50. What is the greatest common divisor of z and 112?
16
Suppose 302 = 16*j - 18. Suppose -19*b = -j*b + 14. What is the highest common divisor of 154 and b?
14
Let t(u) = -186*u - 693. Let d be t(-6). What is the greatest common factor of d and 36?
9
Let g = -684 - -360. Let d be g/(-2) + (-4 - (-3)/1). Calculate the highest common factor of 46 and d.
23
Suppose 35 - 10 = n. Let t = 55 - 35. What is the greatest common divisor of n and t?
5
Let q(r) = -r**2 + 23*r + 426. Let l be q(35). Calculate the highest common divisor of l and 5046.
6
Let r = 40 + -19. Let y be 7/r*(-1 - -10). Let t(v) = -6*v. Let w be t(-4). What is the highest common factor of w and y?
3
Suppose -22 = -3*j - 2*r, -4*j = j - 4*r. Suppose j*h - 53 = 167. Suppose 3*k - 20 = h. Calculate the highest common factor of 125 and k.
25
Suppose -3*u - u - 12 = 0. Let y = 53 - u. Let j = -33 - -47. Calculate the highest common divisor of j and y.
14
Let t = -203 + 277. Suppose 35 = -c + t. Calculate the greatest common divisor of c and 325.
13
Suppose 0 = -2298*x + 2313*x - 15. What is the highest common divisor of x and 37?
1
Suppose -4*u = 2*q - 11706, 20*q - 21*q = 4*u - 5847. Calculate the greatest common factor of q and 378.
189
Let y be -8*11/(594/90)*12/(-10). Let k(r) = -109*r - 4. Let a be k(-4). What is the highest common divisor of a and y?
16
Suppose -2*m - 3*v + 139 = 0, -v - 127 = -2*m - 0*v. Let x(s) = s**3 - 6*s**2 - s + 10. Let k be x(7). Calculate the highest common divisor of m and k.
13
Let i be -1 - 10*7/(140/(-48)). Suppose 7 = 6*f - i. Suppose 3*m = 2*t + 140, f*t = 4*m - 123 - 73. What is the highest common divisor of 11 and m?
11
Let m be ((-98)/21)/(2/21). Let a be (-804)/(-21) - 7/(m/(-2)). Calculate the greatest common factor of a and 646.
38
Let w be ((-55)/4)/(2/(-16)). Suppose 5*u - 1634 = -2*y, 0 = 3*u - u - y - 650. Suppose 256 = -7*h + u. What is the highest common divisor of w and h?
10
Suppose 5*g - 8662 = 4*w, -2*g + 1736 = -g + w. Calculate the greatest common divisor of 18 and g.
6
Let i = 2564 - 1984. What is the greatest common divisor of i and 6815?
145
Let q be -4 + (3 - -1) + 14. Let z = q + -3. Let b be (2/(-6))/((-402)/198 + 2). Calculate the highest common factor of b and z.
11
Let k be 55 + (11/33)/(5 + 304/(-60)). Calculate the greatest common factor of k and 150.
50
Let h be (400/60 + 2/3)*(34 + -19). What is the highest common factor of 1694 and h?
22
Suppose 84 = -b - 13*b. Let g(s) = -5*s - 8. Let x be g(b). What is the greatest common factor of 242 and x?
22
Suppose 5*l - 114 = -4. Suppose 0 = l*a - 21*a - 11. What is the highest common divisor of 2 and a?
1
Let q = -19065 - -19390. What is the highest common divisor of 75 and q?
25
Suppose 107*p - 3*p = 44475 + 55053. Calculate the greatest common factor of p and 725.
29
Let q be 143 - (2/(-6)*15 - -10). Calculate the highest common divisor of 426 and q.
6
Suppose 2*q - 16*p - 172 = 0, -q + 17*p = 15*p - 116. What is the greatest common divisor of 6192 and q?
18
Let a(b) = b**3 - 3*b**2 - 5*b - 5. Let f be a(6). Let p = -79 + f. Let q be (-1)/(3/p)*(-49)/(-2). Calculate the highest common divisor of 7 and q.
7
Let s(y) = -113*y + 3982. Let c be s(27). Calculate the highest common factor of 57 and c.
19
Let r(i) be the third derivative of -19*i**4/12 + 200*i**3/3 + 235*i**2. Let g be r(0). What is the highest common factor of 8 and g?
8
Let z(o) = -o**2 + 10*o + 18. Let c be z(11). Let v be ((-6)/c)/(0 - 1/7). Suppose v*k = 81 - 21. What is the highest common factor of 15 and k?
5
Let r(p) = 5*p - 42. Let u be 1 + 3 + 11 + (-3)/(-3). Let d be r(u). What is the greatest common divisor of d and 19?
19
Let b = 28018 + -10647. What is the greatest common divisor of 29 and b?
29
Let p be ((-832)/(-130))/(-32) - (-6362)/10. What is the greatest common factor of p and 60?
12
Let i be -5 - (-5 - 2) - -124. Let q = -141 + 225. What is the highest common divisor of q and i?
42
Let h be -43 + 5811 + (1 - -3). What is the highest common factor of h and 36?
12
Let v(o) = 8 - 11*o + 17 + 23*o - 7*o. Let i be v(-7). Let b be 36/40*i/(-6)*6. What is the greatest common divisor of 72 and b?
9
Let l = 1182 + -896. What is the highest common divisor of 66 and l?
22
Let y = 5 - 1. Let w(p) be the second derivative of p**4/12 - p**3/2 + 8*p**2 - 57*p + 2. Let a be w(y). What is the highest common factor of 180 and a?
20
Suppose -4*j = -11*j + 35. Let k(a) = a**3 - 7*a**2 + 11*a - 5. Let z be k(j). Suppose z = o + 6*o - 21. What is the highest common factor of 6 and o?
3
Suppose -17*c + 2652 = -34000. Calculate the highest common factor of 4 and c.
4
Suppose 13*x - 92 - 259 = 0. Suppose x*v - 3792 = 24*v. Calculate the greatest common divisor of 16 and v.
16
Suppose 22*b + 14*b - 7540 = 10*b. Calculate the highest common divisor of b and 12035.
145
Let a = -4581 + 4725. What is the highest common factor of 3384 and a?
72
Let c(m) = 2*m**3 - 17*m**2 + 11*m + 52. Let o be c(12). Suppose l = -4*l - 4200. Let d = l + o. Calculate the highest common divisor of d and 32.
32
Suppose 0 = -n - 2 + 5. Suppose -2*f - n*f = -400. Let q = 20 + f. What is the highest common factor of 25 and q?
25
Let c = 207909 - 207861. Let k(v) = -v**3 + v**2 + 4*v - 2. Let b be k(-5). What is the greatest common factor of c and b?
16
Let z be (-6)/(-2)*(-176)/(-6). Suppose 4*r = z + 16. Let k(n) = 19*n - 125. Let x be k(10). What is the highest common divisor of x and r?
13
Suppose 2*k + k = 0, -2*q = -5*k - 274 - 266. Let x be 4/14 - 1740/(-35). What is the greatest common factor of x and q?
10
Suppose -56*c + 60*c + 460 = 0. Let h be (507/(-6) + 3)*-2. Let p = h + c. Calculate the greatest common factor of 24 and p.
24
Let t be (728/39)/(-28) - (-124)/6. Calculate the highest common divisor of t and 565.
5
Suppose 2*b - 1346*h + 1344*h = 6734, 5*b + 5*h - 16835 = 0. Calculate the highest common factor of b and 148.
37
Let w be (-6676)/(-16) + (-69)/(-92). What is the greatest common divisor of 594 and w?
22
Suppose 4*u - 745 = -3*p, 2*u + 721 = 73*p - 70*p. What is the highest common factor of 648 and p?
81
Suppose -116*u - 47